ose 0 = -u*c + 996 - 178. Is c a prime number?
True
Let g(y) = -7024*y - 14. Let x be g(3). Let i = 30001 + x. Is i a composite number?
True
Suppose -304976 + 101295 - 92807 = -8*y. Is y a prime number?
True
Let x(k) = 2*k**3 - 2*k**2 + 3*k + 4. Let f be x(4). Let l = f - 161. Is (-253393)/l + 4/(-14) a composite number?
False
Suppose -8*o - 4*x + 3180 = -6*o, -2*x = -o + 1578. Let b = 151 + o. Is b a composite number?
True
Let o(t) = 35256*t - 2341. Is o(21) prime?
False
Let c(o) = -16515*o**2 - 3*o - 3. Let b be c(-1). Let d be (20/(-6) + 4)/((-6)/b). Let x = d - 792. Is x composite?
True
Let p(d) = 26*d**2 - 12*d + 27. Suppose 12 + 4 = 4*o. Is p(o) composite?
True
Suppose -2*x + 0 = -4*a - 30, 47 = 3*x - 4*a. Suppose -f - x*y + 12*y + 12242 = 0, 0 = -4*f + 4*y + 48896. Is f a prime number?
True
Let l = 410462 + 105045. Is l prime?
True
Suppose -80*r + 2114378 = -32*r - 34*r. Is r a composite number?
False
Let z = 306 + -41. Let p = 8538 + z. Is p composite?
False
Suppose 4*k - 4 = 60. Suppose 6*p = k + 80. Suppose 15*v + 2435 = p*v. Is v composite?
True
Let f(k) be the third derivative of 217*k**5/60 - 7*k**4/12 - 41*k**3/6 - k**2 + 3. Is f(-4) composite?
True
Suppose -q = 0, 5*i + 57914 = 4*i + 3*i + 3*q. Is i a prime number?
False
Let w be 0 + 264033 + (-10 - -12). Suppose -l - 2*v = -52807, 5*l = v - 6*v + w. Is l a composite number?
False
Suppose 6*y - 40*y = 34. Let b(d) = -1666*d - 9. Is b(y) prime?
True
Suppose 298*o - 142369164 = 86887898. Is o a prime number?
True
Suppose -5*z - 339062 = -4*d - 2*z, 2 = z. Suppose 18837 - d = -38*n. Is n a composite number?
True
Suppose 18*t + 4*t - 73656 = 0. Suppose -x = 1195 - t. Is x a composite number?
False
Let y = -58 - -55. Let a(g) = -7*g**2 - 13*g - 2. Let m(o) = -o. Let t(q) = y*m(q) - a(q). Is t(-15) a prime number?
False
Let h(o) = -o**3 + 8*o**2 - 13*o + 6. Let z be h(6). Suppose z = 2*g + 88 - 234. Suppose -s + 2*d + g = 0, 3*d - 55 = 3*s - 268. Is s a composite number?
True
Let w(b) = 3*b + 371. Let l = -39 + 39. Let z be w(l). Let i = -170 + z. Is i prime?
False
Suppose -5*x - 2114 = -13414. Let r = -3616 - -6606. Suppose 3*w - 5*b - x = 0, 4*w + 0*w - 2*b = r. Is w a composite number?
True
Let r = 123 + -120. Suppose 6 = 3*d, 0*d - r*d = 2*c - 35124. Suppose h = 7 - 2, 4*j = h + c. Is j prime?
True
Let u(k) = 219*k + 298. Is u(21) a composite number?
True
Let t be -1*(2 - (8 + -1)). Is (t/(-1) - -3) + 2788 + 12 prime?
False
Suppose -85*a + 592*a - 110795440 + 32186611 = 0. Is a a prime number?
True
Suppose -119*j + 65 = -114*j. Let g = 35 - j. Suppose g*y - 17*y - 2035 = 0. Is y prime?
False
Suppose -5*g + 269*a - 271*a + 12247457 = 0, -4*a + 2449513 = g. Is g prime?
False
Suppose 66*x + 77731 = 15361. Is 8263/15 + (-126)/x a composite number?
True
Let n(k) = k**3 + 10*k**2 - 13*k - 28. Let r be n(-11). Is 134*(r - (-19)/2) composite?
True
Suppose -7*o + 12 = -o. Let t(v) = 4*v**3 - 3*v**2 + v - 3. Is t(o) composite?
False
Let g = 42430 - -89061. Is g prime?
False
Let a = 179834 - 24123. Is a composite?
True
Is 869406/15 - 0 - (-597)/995 prime?
False
Let m(o) = -305*o**2 - 19*o - 72. Let i be m(18). Is (-1)/5 - (-2 - i/(-45)) a prime number?
True
Suppose l + 3*b - 2 = 10, -3*l + 2*b + 3 = 0. Let t(h) = 0 + 4 + 2*h**2 - 5*h + 3 - 2 + 139*h**l. Is t(2) a composite number?
True
Let d(t) = 709*t**3 + t**2 + 27*t - 283. Is d(6) a composite number?
False
Suppose z - 108 = -91. Let h = z + -19. Is h/(-5)*1 + (-14172)/(-20) a composite number?
False
Let u be 6 - (1 + 3 + -3). Suppose 3*k - 2*f - 2951 = -1004, -u*f + 632 = k. Is k composite?
False
Let a = -42231 + 451802. Is a a prime number?
False
Suppose 3*z + 3 = h - 19, 5*h - 4*z = 165. Let x = 504 - h. Is x a composite number?
False
Suppose -10*a + 12*a + 25*a - 17724447 = 0. Is a prime?
False
Let h(l) = 75*l**2 + 5*l - 15. Let a be h(-15). Suppose 2*z = -b + 3349, 5*b - 13*z - a = -15*z. Is b prime?
True
Let n = -213674 - -632403. Is n composite?
True
Let h = -75892 + 133665. Is h a composite number?
False
Let h = -59 - -59. Suppose h*t + 4*t = 9980. Is t a composite number?
True
Let j(o) = o**2 - 22*o + 26. Let q be j(0). Suppose 0 = -w + q*w - 1061725. Is w a prime number?
False
Let m be (4 - 3)/((-5)/825*-3). Let n be (-8823)/(-27) - 8/(-36). Let c = n + m. Is c a prime number?
False
Let n(t) = 661*t**2 + 38*t - 3. Let b be n(19). Suppose -88*h = -28*h - b. Is h composite?
False
Let l(j) = -965*j - 71. Let z be ((-21)/(-14))/(21/(-196)). Is l(z) composite?
True
Let i = 134 - 136. Is (-200)/(-50) - (-2067)/(-2)*i composite?
True
Let j be ((-2)/4)/((-13)/104). Suppose -j*f + 12481 = -5*v, 0*f - v + 12475 = 4*f. Is f composite?
False
Let d = 431859 - 196930. Is d prime?
False
Let c be 85 + -1 + -6*(-2)/4. Suppose -c*s + 84*s + 573 = 0. Is s prime?
True
Let a(t) = -t**2 - 22*t + 23. Let z be a(-21). Suppose -4*p = 5*k - z, -8*p + 7*p = -3*k + 23. Let o(g) = 13*g - 1. Is o(k) a prime number?
True
Let g(j) = 526*j - 272. Let a be g(4). Let z be (38/(-6))/((-2)/714). Suppose 4*b - 5*o = -0*b + a, 5*b + o - z = 0. Is b a composite number?
True
Suppose -4800210 = -5*v - 5*m, -95*v + 3840189 = -91*v + m. Is v a prime number?
True
Suppose -1418692 = 98*q - 174*q. Is q a composite number?
True
Suppose 816 = 3*f - 1080. Suppose -f = -17*z + 22607. Is z a composite number?
False
Suppose 23994 - 946627 = -43*p + 2239888. Is p composite?
False
Suppose 72*b - 76*b = -8. Suppose 0 = -b*q + 1992 + 4702. Is q composite?
False
Suppose -w = 5*q - 12, -7*q + 3*w = -2*q - 24. Suppose -5*o = 2*j - 11350, -2*j = -q*o - j + 6799. Suppose -4*v = 4*l - o, -6*l = -3*l - 6. Is v composite?
True
Suppose 5*j - 4*y - 466807 = 0, -4*j - 5*y = -j - 280099. Is j prime?
False
Suppose 0 = -c + 3*p + 5 - 361, -5*p + 5 = 0. Suppose 2354 + 2063 = -7*l. Let d = c - l. Is d composite?
True
Suppose 13*u - 5764255 = -9*u - 13*u. Is u a composite number?
True
Is (1 - 5/2)/(8 + 2190796/(-273848)) a composite number?
False
Suppose h - 4806195 = 5*a - 18085427, 0 = -5*a - 4*h + 13279247. Is a a composite number?
True
Let b(u) = -130822*u + 1243. Is b(-10) prime?
True
Suppose 125174 = -32*u + 866230. Is u composite?
True
Let g(z) be the third derivative of 1/6*z**3 + 287/60*z**5 + 0*z - 1/6*z**4 - 10*z**2 + 0. Is g(2) prime?
False
Let y(x) = -11*x**2 - 9*x - 17*x**3 + 2*x + 2 - 13 + 3*x**2. Suppose 4*w + 25 = -w. Is y(w) a prime number?
True
Let h(x) = -x - 2. Let y be h(-4). Let p be 572/y + (0 - (-1 + 0)). Let t = p - 204. Is t prime?
True
Suppose -301232914 = -571*d + 429660219. Is d a composite number?
False
Suppose -4*x - 2*q + 716 = 0, 4*x + 11*q = 10*q + 712. Suppose 3*z = 5*h - 5701, -z - x = -4*h + 4381. Is h a composite number?
True
Let r be 3 + (1 - (-29 + 8)). Suppose -28306 - 10769 = -r*h. Is h prime?
False
Is (68/12 - 3) + 512368/48 composite?
True
Let s = 57064 - 40110. Let v = s + 11089. Is v composite?
True
Let u = 433208 + -166417. Is u a prime number?
False
Suppose -51187 = 13*l - 186829. Suppose -4*y + 2*o + l = 0, y + 4*o - 2612 = o. Is y composite?
False
Is ((-7)/(-1) - (-10 - (-177398)/(-4)))*2 a composite number?
True
Let w(j) = 93*j**2 - 20*j - 137. Is w(-20) a composite number?
False
Let a be 7 - ((-14)/18 - (-2)/(-9)). Let l be -1*(-3 - a - 1). Suppose l*g = 8*g + 364. Is g a composite number?
True
Let g be (3*(-5)/5)/((-2)/(-934)). Let h = g + 3734. Is h a composite number?
False
Let f(y) = 1507953*y + 1888. Is f(1) a composite number?
False
Suppose -88*w + 33694385 + 12006039 = 0. Is w prime?
False
Let w(l) = 17719*l**2 + 11*l - 1. Is w(1) a prime number?
True
Let g = 65594 + -1167. Is g a composite number?
True
Let s(y) = 3796*y + 181. Let d be s(23). Suppose 2*n = 3*q - 52493, -3*q - 2*q + 4*n = -d. Is q composite?
False
Let s be 32882*(0 - (-6)/(-12))*-1. Suppose -68*c - y - 24670 = -71*c, -2*c - 5*y = -s. Is c a prime number?
False
Suppose -36 = -6*r - 108. Is r/(-20) - (-104176)/40 a prime number?
False
Let p(k) be the first derivative of -13*k**5/40 - k**4/4 + 7*k**3 - 6. Let y(z) be the third derivative of p(z). Is y(-3) a composite number?
True
Suppose 5*a - 8*o = -10*o + 204345, 5*a = 2*o + 204325. Is a a composite number?
False
Let y = -78544 - -117645. Is y prime?
False
Suppose 14*g + 2 = 44. Suppose -3*p + 5*p = -5*u + 17, 3*u = -5*p +